nits digit of s?
7
Let a(n) = 5*n**2 - n. Let w be a(1). Suppose 5*l - 11 = p, l - 40 = -w*p - 0*l. Suppose -144 = -p*c + 5*c. What is the units digit of c?
6
What is the tens digit of 35290/20 + -2*2/8?
6
Suppose -2*z = -3*z + 6. Let k = -161 - -242. Suppose -3*b - k = -z*b. What is the units digit of b?
7
Let n(c) = -c + 3*c + 40 - 2*c + 2*c - c**2. Let x be n(0). Let h = x + -18. What is the tens digit of h?
2
Let t = 1270 + -25. What is the hundreds digit of t?
2
What is the hundreds digit of (-122)/(-8)*(-2 + -518)/(-10)?
7
Suppose 0 = -5*j + 2*s - 1, -14*j - 16 = -15*j - 5*s. What is the hundreds digit of (-50542)/(-296) - 3*j/4?
1
Let b(u) = -u**2 + 20*u - 35. Let f be b(18). Let h(w) = 43*w - 9. What is the tens digit of h(f)?
3
Let h = 64 + -37. Let b be (1 + 0)*-10 - 0. Let q = b + h. What is the tens digit of q?
1
Let l(r) = 2*r - 13. Let o be l(8). Suppose -o*p = -4*p. Suppose p*c - d = -2*c + 42, -3*d = -c + 31. What is the tens digit of c?
1
Let n = -1609 - -3263. What is the units digit of n?
4
Let p = -2078 + 3709. What is the tens digit of p?
3
Let k(d) = -10*d + 21. Let a be k(-10). Let x = 216 - a. What is the tens digit of x?
9
Let u(f) = f**3 - 23*f**2 - 17*f - 29. Let k be u(24). Suppose 2*p - 97 = k. What is the tens digit of p?
1
Let q = 1649 - 1010. What is the tens digit of q?
3
Suppose 10*n - 10 - 10 = 0. Suppose 4*s + n*s = 756. What is the tens digit of s?
2
Suppose 34*f - 31444 = 14558. What is the thousands digit of f?
1
Let x(h) = 8*h**2 - 2 - 3*h + 2*h**3 - 4*h**2 - 2. What is the units digit of x(3)?
7
Suppose j - 1 = -3*t - 3*j, 3*t - 3 = -3*j. Suppose -2 + 8 = -t*s. What is the units digit of (39/(-9) - s)*-3?
7
Suppose s - 3*s - k = -6, -2*k = -4*s + 28. Suppose -s = i, 195 = 3*g - 2*i + 62. What is the units digit of g?
1
Let u(p) = p**3 - 6*p**2 - 8*p - 1. Let s = -15 + 23. What is the units digit of u(s)?
3
Let q = 41 - 39. Suppose -4*a = -q*d + 130, 2*d - 3*a = -2*a + 121. What is the units digit of d?
9
Suppose -1907 = -4*a + 2*c - 7*c, -2*c - 10 = 0. Suppose -2*o - 5*o + a = 0. What is the tens digit of o?
6
Let j = -197 + 131. Let d = 42 - j. What is the units digit of d?
8
Suppose 5*z - 136 = 3*z. Suppose -q + z = q. What is the tens digit of q?
3
What is the tens digit of (-1 + 4 - 2)*(-36477)/(-21)?
3
Suppose 2*x + 0*x = 2, 3*d = -3*x + 510. What is the units digit of d?
9
Suppose 5*d = g - 91, -5*d + 224 - 42 = 2*g. What is the units digit of g?
1
Let i = -46 - -353. Let x = -148 + i. What is the tens digit of x?
5
Let u be (-4)/(-12)*(2 - 2). Let k be 2 + (-106)/2 + u. What is the tens digit of (-4 - -5)/((-3)/k)?
1
What is the thousands digit of (11 - 8632/65)/((-2)/50)?
3
Let p(b) = 61*b + 6. Let d be p(3). Let v = d - 77. What is the tens digit of v?
1
What is the tens digit of 205 - (8 + -19 + 6)?
1
Let g(q) = 16*q - 8. Let s be ((-25)/(-10))/5*12. What is the tens digit of g(s)?
8
Suppose -4 = 2*i, -26 = -4*l + 2*i + i. Suppose l*p + 236 = 6*p + 2*n, 4*p - 2*n = 914. What is the hundreds digit of p?
2
Let y(w) = -w. Let m be y(-5). Suppose m*q = -2 + 97. What is the units digit of q?
9
Suppose s + 4*s = -15. Let v be s - (-3 + 2 - 2). Suppose p = -v*p + 3. What is the units digit of p?
3
Suppose -3*o + 0*u - 29 = -2*u, 2*u + 48 = -4*o. Let v = 12 + o. Suppose -3 = -2*p - v. What is the units digit of p?
1
Let i(g) = -5*g**3 - 8*g**2 + 2*g - 6. Let a be i(-6). Suppose -3*t = -3*k - a, 4*t - 3*t - 3*k = 264. What is the hundreds digit of t?
2
Let r be (5 - 3)/(2/9). Let t(a) = 21 - r*a - 2*a + 10*a. What is the units digit of t(-11)?
2
Let r(c) = 3*c + 6. Let d be r(-4). What is the hundreds digit of d + 5 + 0 + 19*10?
1
Let x(l) = -l**2 + 121*l - 82. What is the hundreds digit of x(51)?
4
Let w = 89 - 58. Suppose -10*z + 11*z = w. What is the units digit of z?
1
Let u(o) = 5*o - 4. Let w be u(2). Suppose w*r = 9*r - 564. What is the hundreds digit of r?
1
Let h be 1 - (3 + -1)*(-1 + 2). What is the tens digit of (-6)/(-24) + (275/(-4))/h?
6
Let k = 2453 + -1776. What is the hundreds digit of k?
6
Let d = 918 - 476. Let i be d/10 + 3/(-15). Suppose -5*n = -2*m, i = 4*m + 3*n - 2*n. What is the units digit of m?
0
Suppose 4*a - 2*a = 3*u - 2645, 3*u - a - 2641 = 0. What is the units digit of u?
9
What is the thousands digit of 7 + (-14)/(-21) + (-17558)/(-6)?
2
Let t(x) = -x**2 + 9*x + 4. Let d be t(9). Suppose -2*f = f - 5*s - 86, 3*s = 3*f - 90. Suppose b + f = d*b + 4*r, -b = 4*r. What is the tens digit of b?
1
What is the hundreds digit of 2/4*1 + (-3188)/(-8)?
3
Suppose -5*c - 50 = 265. What is the hundreds digit of (-84)/c - (-908)/3?
3
Let g(h) = -h**2 + 6*h + 5. Let l = 4 - -2. Let n be g(l). Suppose -5*j + n*r + 120 = -0*j, 3*j - 4*r - 77 = 0. What is the tens digit of j?
1
Let j(h) = 14 + 6*h + 10*h + 17*h - 10*h. What is the units digit of j(5)?
9
Let w(t) = 2*t**2 - 4*t - 3. Let r be w(-1). Suppose -4*u = r*p - 134, 136 + 93 = 5*p + u. What is the tens digit of p?
4
Let p(l) = 171*l**3 - 2*l**2 - 4. Let q be p(2). Suppose -q = -2*a - 4*a. What is the hundreds digit of a?
2
What is the tens digit of (-12 + 4050/(-8))*(-8)/3?
8
Suppose 3*k - 34 = -5*d, 6 + 9 = 5*k. Suppose 0 = 3*v + v - 16, 0 = -y + d*v - 6. Suppose -5*s + y + 31 = 0. What is the units digit of s?
9
Suppose 5*i - 210 = -4*z, 3*i - 166 = -3*z - 37. Suppose -124 = -3*t - t. Let y = i + t. What is the units digit of y?
9
Let q = -1316 + 4722. What is the hundreds digit of q?
4
Let k(m) = m**3 - 3*m**2 - 7*m + 4. What is the hundreds digit of k(7)?
1
Suppose -5*n + 3*g - 144 = 0, -5*n + 3*g + 2*g - 140 = 0. Let o be (-28)/(-98) - n/(-7). Let f(d) = -9*d - 10. What is the units digit of f(o)?
6
Suppose -3*p = -108 + 21. What is the tens digit of p?
2
Let h(f) = -9*f**2 - 3*f + 6. Let t(j) = -3*j**2 - j + 2. Let p(m) = -2*h(m) + 7*t(m). Let w be p(-2). What is the units digit of -2*(-6)/w*-2?
3
Let s = 862 + -243. Suppose o - 4*q = 132, 5*o - 3*q - s = 24. What is the units digit of o?
8
What is the units digit of -12 - 19935/(-36) - (-1)/4?
2
Let z be -11 - -3 - (1 - -3). What is the units digit of (-6)/(-4) - (2730/z)/13?
9
Let u(n) be the third derivative of n**5/15 + n**4/3 - 2*n**3/3 - 4*n**2. What is the units digit of u(3)?
6
Let k = -30 - -27. Let o(z) = 4*z**2 + z + 3. What is the units digit of o(k)?
6
Suppose -16 = -6*a + 14. What is the hundreds digit of 183 - (-3)/(-1)*(-5)/a?
1
Suppose 2*k = -k + 2*c + 107, -154 = -4*k - 3*c. Suppose 0 = -m + q - k, 0*q - q = 5*m + 197. Let s = 75 + m. What is the units digit of s?
6
Let r(g) = 2*g**3 + 4*g**2 + 4. Let s be r(3). Let d = -53 + s. What is the units digit of d?
1
Let s be (-1 + -3)*(1 + -1 - 1). Let c(m) be the second derivative of m**5/20 - m**4/3 + m**3/3 + 5*m**2/2 + 2*m. What is the units digit of c(s)?
3
Let c(f) = -379*f + 173. What is the tens digit of c(-14)?
7
Let i(a) = -38*a + 14. Let g be i(10). Let p = g + 558. What is the hundreds digit of p?
1
Let h(a) = a + 3. Let n be h(-4). Let v = 56 - n. What is the units digit of v?
7
Suppose -217 = -n + 211. What is the hundreds digit of n?
4
Let f = 1677 + 1599. What is the thousands digit of f?
3
What is the hundreds digit of ((-21)/((-420)/2608))/((-1)/(-25))?
2
Let f(v) = -3*v**2 - 12*v - 10. Let z be f(-8). Let x = -72 - z. What is the units digit of x?
4
Suppose 16*o - 13*o = -3*j + 2487, -5*j = -3*o + 2495. What is the tens digit of o?
3
Let k = 27 - -16. Suppose k = 2*o - 1. What is the tens digit of o?
2
Let g(v) = -v**3 - 2*v**2 + 4*v - 4. Suppose 5*u + 0*y - 3*y = -16, u + 4*y - 6 = 0. Let s be u/((-1)/(-2)*1). What is the units digit of g(s)?
2
Let k be (14/(-18))/1 - 24/108. What is the units digit of 0 + 36 + k + (-1)/(-1)?
6
Let x(t) = 10*t + 4. Suppose i - 4*a - 2 - 2 = 0, -3*i = -5*a - 26. What is the tens digit of x(i)?
2
What is the tens digit of 6 - (-2 - (-2 + -3 + 1959))?
6
Let k(d) = d**2 - 7. Let a be k(7). Let x = a - 14. What is the units digit of (-8)/x + (-44)/(-7)?
6
Let b be 12 + -8 + 4 + -1. Suppose -b*t - 35 = -8*t. What is the units digit of t?
5
Let a(y) = -10*y + 10. Let u be a(16). What is the tens digit of (-2 + 4)*u/(-5)?
6
Let w = 680 + -321. What is the hundreds digit of w?
3
Let m be (-8 + -18)/(-4 + 2). Suppose j - 29 = m. What is the tens digit of j?
4
Suppos